 -g - 2*l. Suppose -2*p - g = -258. What are the prime factors of p?
2, 61
Suppose -44 = 2*r - 3*r. Let x be 8/(-44) - (-96)/r. What are the prime factors of 1/2 - (-45)/x?
23
Let h(i) = 4*i**2 + 3*i + 3*i - 4*i**2 - 2*i**2 - 9. Let o be h(5). Let s = 63 + o. List the prime factors of s.
2, 17
Let m = -808 - -913. Let k be (2/(-5))/(1/165). Let d = m + k. List the prime factors of d.
3, 13
Let s = -7 - -10. Suppose 0 = 5*w - 3*v - 3, s*w - 4*v = -0*w + 4. Suppose 4*n - 5*n + 4 = w. What are the prime factors of n?
2
Suppose 73 = -y - 4*i - 7, -2*i = 4*y + 250. Let s = y - -85. Suppose 0 = -3*w - l + 26 + s, 84 = 5*w + 2*l. What are the prime factors of w?
2, 3
Let q(r) be the first derivative of -r**4/2 - 2*r**3/3 + 3*r**2/2 + 12*r - 6. List the prime factors of q(-4).
2, 3
Suppose -f + 37 = 2*i, f + 0*f = -i + 34. What are the prime factors of f*2*(-4)/(-8)?
31
Let h(w) = w**2 - 11*w + 1. Let n be h(10). Let i be -3*((-15)/n + 0). List the prime factors of -2*(-4)/i*-5.
2
Let m be 2/8*-2*-6. Let z = m + 3. Suppose 3*c - 5*d - 108 = 0, 0 = 2*c - d + z*d - 72. What are the prime factors of c?
2, 3
Let a = 1179 - 682. List the prime factors of a.
7, 71
Suppose 9*t + 36 = 13*t. Suppose -1716 = -2*r - t*r. What are the prime factors of r?
2, 3, 13
Let q(k) = 4*k + 7. Let b be q(-3). Let z = b - 4. List the prime factors of ((-60)/1)/(z/6).
2, 5
Suppose 4*n = 3*n + 65. Suppose -k + 5*q + 125 = k, 0 = k - 3*q - n. What are the prime factors of k?
2, 5
What are the prime factors of ((-10610)/6)/((-330)/198)?
1061
Let j be 33*-3*(-2)/(-18). Let h = 30 - j. Suppose h = -2*u + 3*u. What are the prime factors of u?
41
Let j be 0/(0/2 - 2). Suppose j = -u + 6*u. Suppose u = -0*q + 2*q + 5*f - 25, 3*q - 2*f - 85 = 0. What are the prime factors of q?
5
Let j = 16947 + -11679. List the prime factors of j.
2, 3, 439
Let n = -5 + 10. Suppose 3*r + 10 = n*r. Suppose 38 = a + 5*t, -r*a - t = -a - 76. What are the prime factors of a?
2, 3
Let c = 70 - -365. What are the prime factors of c?
3, 5, 29
Suppose 497 = 11*j - 10*j. What are the prime factors of j/9 + (-42)/189?
5, 11
Suppose -3398 = -227*y + 225*y. What are the prime factors of y?
1699
Suppose 6*s = 73*s - 344447. What are the prime factors of s?
53, 97
Suppose -4*w + 28 = -4*t, -5*w + 2*w = -2*t - 19. Let h(k) = k**3 - 5*k**2 + 7. Let f be h(w). Suppose 67 = 5*b + f. What are the prime factors of b?
2, 3
Let p(i) = 21*i + 64. Let a be p(-6). What are the prime factors of (-45)/(-9) - (0 + a)?
67
Let a = -21 - -12. What are the prime factors of (-6)/a*102/4?
17
Let x(u) = 8*u + 54 - 65 + 2*u. What are the prime factors of x(14)?
3, 43
Let h be 24/7 - 21/49. Suppose 27 = 3*y + h. List the prime factors of y.
2
Suppose -2*n + 10 = 0, -65 = -2*o + n + 158. What are the prime factors of (o/(-4))/((-3)/16)?
2, 19
Let z = -1 - -3. Suppose 3*i = z*i. Suppose -4*w + i*f - 3*f = -192, 131 = 3*w - f. List the prime factors of w.
3, 5
Let n(v) = v**3 - 7*v**2 - 14*v - 2. Let j be n(10). Let k = j + -86. What are the prime factors of k?
2, 3
List the prime factors of (-3)/8 - 53118/(-208).
3, 5, 17
Suppose -4*f = -5*k + 539, -7*k = -2*k - 5*f - 535. Suppose -2*b = b - w - 209, 0 = -2*b - 5*w + k. List the prime factors of b.
2, 17
Let w be 20/(-9) - (-4)/18. Let s(m) = -3*m**2 + 13*m + 17. Let j(y) = y**2 - 6*y - 8. Let n(k) = w*s(k) - 5*j(k). List the prime factors of n(-4).
2, 3
Let q = 1093 - 40. List the prime factors of q.
3, 13
Let j(p) = -p**3 - 3*p**2 - p. Let x be j(-2). Let m(y) = 171*y**2 - 4*y - 5. Let r be m(x). What are the prime factors of r/21 - (-8)/28?
3, 11
Suppose 0 = -27*z + 21*z + 1644. Suppose 2*g = -5*i + z, -5*i + g + 268 = -0*i. List the prime factors of i.
2, 3
Let m(i) = -i**3 + 19*i**2 + 1. Let q be m(19). List the prime factors of 3/9*6 + q.
3
Suppose 0 = -10*o + 12137 + 3903. List the prime factors of o.
2, 401
Suppose u - j + 43 = 0, 2*u - 5*j + 138 = 55. Let r = -30 - u. What are the prime factors of r?
2, 7
Suppose 6*a - 3*a + 126 = 0. List the prime factors of (-12)/a - (-12)/7.
2
Let j = 339 + -701. Let o = j - -623. List the prime factors of o.
3, 29
Let a = -3 - -3. Suppose -7*r - 107 + 401 = a. What are the prime factors of r?
2, 3, 7
What are the prime factors of (11 - 3 - -5414) + 8?
2, 3, 5, 181
Let m(n) = 54*n + 58. List the prime factors of m(6).
2, 191
Let f = 4033 - 2384. What are the prime factors of f?
17, 97
Let p(f) = 12*f + 43. Let v = 78 - 62. List the prime factors of p(v).
5, 47
Let w(z) be the second derivative of z**4/12 - 7*z**3/6 - 2*z**2 + 8*z. What are the prime factors of w(8)?
2
Let h = 93 - -21. Let b = h + -75. What are the prime factors of b?
3, 13
Let j = 21 + -18. Let v(u) = 2*u**2 - 1. Let s be v(2). Suppose s*w = j*w + 8. List the prime factors of w.
2
What are the prime factors of (-8460 - 60/(-10))*(-2)/6?
2, 1409
Let u be (-2)/(-3)*15/(-2). Let k = u - -10. Suppose -q + 31 - 70 = -4*v, k*v = 4*q + 57. List the prime factors of v.
3
Let l(x) = 16*x**2 + 3*x. Let s = -5 + 3. What are the prime factors of l(s)?
2, 29
Let x = 53 - 59. List the prime factors of -3 + x/21 + 74/14.
2
Suppose u + u - 1198 = 0. List the prime factors of u.
599
Let r(w) = w**3 + 10*w**2 + 7*w - 13. Suppose 3*o + 45 = -2*o. Let g be r(o). Suppose -2*c + g*q + 22 = 0, c + 3*q - 44 = -3*c. List the prime factors of c.
11
Let f(j) = -j**3 + 2*j + 67. Let r(c) = -c**2 + 2*c**2 + 3*c + 16*c. Let p be r(-19). List the prime factors of f(p).
67
Suppose -3*v - 3*q + 24 = 2*v, -v - 3 = -2*q. Suppose 5*k = v*k + 4*d + 32, 0 = -2*k - d + 17. Suppose -2*g - k + 40 = 0. List the prime factors of g.
3, 5
What are the prime factors of (-26 - -24)*-5*(-118)/(-4)?
5, 59
Let p be ((-220)/(-33))/((-4)/(-6)). Let y(g) = -g**2 + 12*g - 3. List the prime factors of y(p).
17
Suppose -7*g = -g + 114. Let f = 11 - g. List the prime factors of f.
2, 3, 5
Suppose -212 = -11*d + 9*d + 2*j, 5*d = 3*j + 524. List the prime factors of d.
103
Let w(g) = g**3 - 2*g**2 - 4*g - 4. Let l be w(4). Let j = 27 + -37. Let f = j + l. List the prime factors of f.
2
Let h be (51/12 + -2)*16/12. What are the prime factors of 1/((-1)/(-81)) - h?
2, 3, 13
Let p(c) be the first derivative of -c**2/2 + 32*c + 6. Let r be p(0). Suppose 2*t - 2*x - 65 = -1, -t + r = -3*x. What are the prime factors of t?
2
Let y(v) = 2*v**3 - 7*v**2 + 6*v + 21. What are the prime factors of y(10)?
1381
Let a(f) = -f**3 + 19*f**2 + 24*f - 39. What are the prime factors of a(15)?
3, 11, 37
Suppose -1035 = l - 2003. List the prime factors of l.
2, 11
What are the prime factors of 113*((-16)/48)/((-2)/6)?
113
Let f be 4 - (0/1 + -2). Suppose -3*i + 5*a = f, -4*i = -5*a + 5 - 2. Suppose i*n - 54 = -3*n. List the prime factors of n.
3
Let z(w) = 6*w + 19. Let j(o) = o**3 + 10*o**2 - 2*o - 12. Let a be j(-10). What are the prime factors of z(a)?
67
Let q(i) = -7*i + 7. Let h(k) = -k**3 - 8*k**2 - 6*k + 1. Let r be h(-7). List the prime factors of q(r).
7
Let l = 806 + -1676. Let b be l/25 + (-2)/10. Let a = 95 + b. What are the prime factors of a?
2, 3, 5
Suppose 0 = 14*m - 9*m + 4*v - 2056, -4*v + 424 = m. What are the prime factors of m?
2, 3, 17
Let y(b) = 2*b - 4 + b + 2*b - 7*b. Let a be y(-4). Let i = 0 + a. What are the prime factors of i?
2
Suppose -2*u - u = k - 15, 3*k = 5*u - 11. Suppose 3*j - 30 = -5*i, 0*j - 32 = -u*i - 4*j. Suppose -g + i*g - 26 = 0. List the prime factors of g.
13
Let h be (-148 - -12) + 0 + -4. Let y = -73 - h. List the prime factors of y.
67
Suppose 0 = t - o - 95, -4*t + 2*o = -o - 376. Let s = t + -73. What are the prime factors of s?
2, 3
What are the prime factors of ((-6)/(-9))/(-4*4/(-9336))?
389
Let r be 19 - 20 - (-1 + 1 + -6). Suppose -4*w = -2*p - 57 - 109, r*w - 209 = 2*p. List the prime factors of w.
43
Suppose 2*i = -2*j - 22, i + 2*j = 3*j - 15. Let d = -11 - i. Suppose 5*p - 119 = 4*u, p + d*u = -2*p + 67. List the prime factors of p.
23
Let d = 8 + -5. Suppose 2 = -d*m + 110. Suppose -k = 2*q - 6*q - 18, -4*k - 2*q = -m. What are the prime factors of k?
2, 5
Suppose -2*v - 16 = -6*v. Suppose -v*u + 2*t = -3*u - 41, 2*t = 3*u - 139. Let g = u - 9. List the prime factors of g.
2, 5
Let x(z) = z**2 + 4*z + 18. Let p be x(-10). Let a = p + -43. What are the prime factors of a?
5, 7
Let g(k) = -